/(-2)*-2. Let n = z - m. Is n a composite number?
True
Let u(y) = -138*y - 4. Let d be u(-3). Suppose -7*c = -9*c + d. Is c prime?
False
Suppose 2*f + 4*p = 3*p + 750, 0 = -p - 4. Is f composite?
True
Suppose y + 4*i + 22 - 133 = 0, i - 126 = -y. Is y a composite number?
False
Let v = 101 - -100. Is v composite?
True
Suppose -9 = -s - 4*b, 3*s - 5 - 8 = 2*b. Suppose 46 = r + 4*a, -3*r - s*a - 39 + 177 = 0. Is r a composite number?
True
Let i be ((-3)/2)/(1/(-2)). Is (2/i)/(4/1506) a prime number?
True
Let m(b) = b**3 + 9*b**2 - b + 7. Suppose 5*f - 3*w = 76, 5*f - w - w - 74 = 0. Let x = f - 22. Is m(x) composite?
False
Suppose -3*d = 5*x - 640, -3*d - 5*x + 425 = -d. Is d composite?
True
Let a(m) = 122*m + 7. Is a(6) a composite number?
False
Suppose k = -3*k. Is -2 + k + -6 + 23 a composite number?
True
Suppose -3*n = -n - 338. Let f = n + -116. Is f composite?
False
Let h(z) = -z**2 + 6*z + 13. Let w be h(7). Suppose -w*u = -4*u - 66. Is u prime?
False
Let r be 3/((-1)/(1/(-1))). Suppose r*o - 12 = -o. Is (-51)/(-4) - o/(-12) a composite number?
False
Let z = -10 - -10. Suppose k - 35 - 170 = z. Is k prime?
False
Let x = 17 + 132. Is x a composite number?
False
Suppose 3*r - 1526 - 520 = -5*w, -3*r = -4*w - 2019. Is r composite?
False
Suppose 3*c = -3*l + 9, 12 = l + 3*l + 2*c. Suppose -177 = -3*m + l*i, 0 = -3*m - 2*m - 4*i + 322. Is m composite?
True
Is ((-2412)/(-30))/(2*(-2)/(-10)) a composite number?
True
Is (-2)/7 - (3 + (-9252)/42) prime?
False
Suppose 4*s - 31 = 6*s + 5*v, 2*s + 2*v + 16 = 0. Is -231*((-5)/s + -2) composite?
True
Suppose -13*y + 9*y = -328. Suppose 2*c - y - 180 = 0. Is c a prime number?
True
Let r(g) = -g**3 - 10*g**2 - 2*g + 6. Let y be r(-10). Let l = y + 51. Is l a prime number?
False
Let v be (-7)/(-2) + 1/2. Is 7/(-14) - (-646)/v a prime number?
False
Suppose 0 = -4*i - 4*t, i - 5*t - 36 = -3*i. Is 3 - ((-4)/i - 627) a prime number?
True
Suppose 0 = -5*w - 0*w + 25. Let n = 30 + w. Is n a prime number?
False
Let c be (-6 - -2)*(0 + -10). Let w = 59 - 56. Is 2 - c/(-2) - w prime?
True
Suppose 5*l + 3 = -7. Is l/13 - 8856/(-104) composite?
True
Let u = 6 - 3. Suppose 4*r + 5 = 5*s, u*r + 3*s = -r + 35. Let b(m) = 8*m**2 + 2*m - 7. Is b(r) a composite number?
True
Let f = -12 + 12. Suppose f = -3*c + c + 634. Is c composite?
False
Suppose z = 6*z - 25. Suppose i - 334 = 3*s + 142, z*i + 3*s - 2326 = 0. Is i a prime number?
True
Let v(o) = 22*o + 3. Is v(7) a prime number?
True
Let l be (4 - 6) + 5 + -1. Suppose 0 = -3*j + 15, 0 = m + l*m + 5*j - 49. Is (-636)/m*(-2)/3 prime?
True
Let h(l) = l**3 + 2*l**2 - 6*l - 2. Let g be h(-4). Let n be (-68)/(-10) + (-2)/g. Let d(j) = j + 8. Is d(n) a prime number?
False
Let l = 343 - 486. Is (-5265)/l + 4/22 a prime number?
True
Let z = 1222 + 287. Let y = z - 466. Is y prime?
False
Let a(p) = -p**2 - 10*p + 11. Let t be a(-11). Suppose -3*o = -4*u - 14, t*u - 4 = -o + u. Is 1*o/(-3)*-21 a composite number?
True
Let b(u) = 150*u**2 + u - 3. Is b(2) a prime number?
True
Suppose 0*g = 2*g - 84. Let u = -17 + g. Is u a prime number?
False
Suppose -4*x - 2*o - 32 = 0, 0*x + 4*o - 40 = 5*x. Let g(a) = -12*a**2 + 7*a - 7. Let w be g(7). Is (x/12)/(4/w) a composite number?
True
Suppose -89 = -2*f - 479. Let i = f + 129. Is 6/(-3) + 1 - i a prime number?
False
Let m(c) = -7 + 28*c**3 - c - 36*c**3 - 5*c - 4*c**2. Is m(-3) a composite number?
False
Let b = -260 + 567. Is b prime?
True
Suppose 4*u = u. Suppose 175 = 5*c + 2*y - u*y, -2*c - 3*y + 59 = 0. Is c a composite number?
False
Let i = 984 - 443. Is i prime?
True
Let w be 4/18 + (-960)/(-54). Suppose -4*n + 82 + w = 0. Is n a composite number?
True
Suppose 6 = g + 2. Let a(d) = d**3 - 4*d**2 + d - 5. Let w be a(g). Is 14/2 + (1 - w) a prime number?
False
Suppose -1388 = -c - 3*k, 3*c - 3*k + k = 4197. Is c composite?
True
Let f = 501 - -884. Is f composite?
True
Let l = -1281 - -1874. Is l composite?
False
Let k be 4/10*(-10)/(-1). Suppose 227 = k*y - 3*h, -4*y + 71 = -3*y + 4*h. Is y prime?
True
Suppose -3*m + m + 215 = v, 5*v + 3*m = 1103. Is v composite?
False
Suppose -29*a - 1099 = -36*a. Is a prime?
True
Suppose -5*n - 5 = -4480. Suppose 5*j = -0*j + n. Is j a prime number?
True
Suppose -m = 3*g - 598, -4*g + 569 = -3*m - 250. Suppose -2*t - o + 128 + 285 = 0, -t + 5*o = -g. Suppose -5*l = 21 - t. Is l a prime number?
True
Let t = 0 - -3. Is t composite?
False
Suppose -4*v - 15 = -5*l, 0 = -5*v + 3*l + l - 12. Suppose v*j = -j + 51. Let d = 4 + j. Is d a prime number?
False
Let g(w) = -7*w**2 - 3. Let q(l) = 6*l**2 + l + 3. Let u(r) = -3*g(r) - 4*q(r). Let p be u(-2). Is (p/(-5))/(1/5) composite?
False
Is 1/(-2) + (-2 - 5457/(-6)) a prime number?
True
Let f be 3 - (-2 + (-6)/(-2)). Suppose 76 = -f*g + 4*g. Suppose g = 3*n + 5. Is n composite?
False
Let b(o) be the first derivative of -o**4/4 - 2*o**3/3 - o**2 + 7*o - 2. Suppose 2*q + 2 + 0 = -s, -4*s - 22 = q. Is b(s) composite?
False
Suppose -3*p + 2 = -7. Suppose 2*f = -10, 2*f - 24 = 4*t - 242. Suppose -p*n = n - t. Is n composite?
False
Let f = 260 + -59. Is f a prime number?
False
Let c be 1/(-2) + 99/6. Let l = c - -15. Is l composite?
False
Suppose v + 0*v = 0. Suppose -2*t + 1026 - 392 = v. Is t prime?
True
Is (-42)/(-231) - (-28398)/22 a prime number?
True
Suppose -18*o + 14*o = -3412. Is o a prime number?
True
Let l = -12 + 14. Suppose -2*s + 27 = l*h - 5, 85 = 4*s - 3*h. Is s a prime number?
True
Suppose 0 = 4*f - 469 - 1711. Is f a composite number?
True
Let j(x) be the third derivative of 7*x**6/8 + x**5/60 - x**4/24 + x**3/6 + 6*x**2. Is j(1) composite?
True
Suppose 0*v + 5*v + 20 = 0. Let k = v + 6. Suppose k*n - 35 = -3*n. Is n a prime number?
True
Suppose -5*g + 1733 - 388 = 0. Suppose -3*m + 58 + 51 = 2*c, 0 = -5*c - 4*m + g. Let v = c + -16. Is v a prime number?
True
Let a = -522 - -800. Is a a prime number?
False
Suppose -624 - 946 = -5*v. Suppose 4*g + 4*l - 118 = v, l + 3 = 0. Is g composite?
True
Let g(s) = -2*s**2 + 0*s - 4*s + 6*s**3 + 3 - 3*s**3. Let r be g(3). Suppose 0 = -4*a - r + 562. Is a a composite number?
False
Suppose 5*o + 4 - 259 = 0. Is o a composite number?
True
Let n be 20 + 2 + (0 - -3). Let p = -10 + n. Suppose 69 = 4*q - p. Is q a prime number?
False
Suppose -3*j + 288 + 1932 = 0. Suppose -4*p - 2*g = -j, 0 = p + 4*p - 5*g - 925. Is p prime?
False
Suppose 2*a = d + 2, 7 = -d + 4*a + 1. Let j be 66/14 + d/7. Suppose 4*h + 5*z + 7 = -0*h, 9 = -3*h - j*z. Is h a prime number?
True
Let o = 2 + -4. Let g(m) = 2*m**2 + 2*m + 1. Let r be g(o). Suppose 88 = 2*k + 4*p, -4*k + r*p - p = -140. Is k prime?
False
Let j be (10 - (0 + -1)) + 0. Suppose 4*v = -3*f + j, -5*v - 3 + 12 = -f. Suppose 454 = 4*p + v*b, -4*b + 3 = -1. Is p composite?
False
Let z(f) = 2*f. Is z(7) a composite number?
True
Let x = 12 + -8. Let a(z) = -4*z + 6 - 2*z + 4*z**2 + 0*z. Is a(x) a prime number?
False
Let p(v) = -107*v. Is p(-7) a composite number?
True
Is (-670)/(-18) - (-4)/(-18) composite?
False
Let j = -15 - -15. Suppose j = 4*n + n - 605. Is n composite?
True
Let l(n) = -n**3 + 8*n**2 - 2*n - 7. Let i be l(7). Suppose -q = -5*q + i. Is q + -2 + 0 + -1 composite?
True
Suppose 30 = w - 119. Is w a composite number?
False
Let s(a) be the second derivative of -a**5/8 + a**4/6 - a**3/6 + 3*a. Let d(g) be the second derivative of s(g). Is d(-3) a prime number?
False
Suppose 780 = 10*r - 330. Is r composite?
True
Let m(y) = y + 8. Let a be (15/(-3) - -2) + -5. Let b be m(a). Suppose -4 = -2*w, -4*s + b*w - 2*w + 152 = 0. Is s a composite number?
False
Let j(l) = l**3 + 9*l**2 - 14*l - 7. Is j(7) a prime number?
False
Let i be (-209)/(-6) - (-2)/12. Suppose i = -0*a + a. Is a a composite number?
True
Suppose -8 = -4*f + 3*f. Let n be (-12)/(-8)*f/6. Suppose 2*w = -n*w + 28. Is w a prime number?
True
Let o(y) be the third derivative of -y**4/3 + 7*y**3/6 - 3*y**2. Suppose 5*z + 5 = -0*l + 2*l, 4*l + 5*z + 35 = 0. Is o(l) a composite number?
False
Is 4/(-2)*(-5285)/14 a prime number?
False
Let c(f) = -f**2 + f. Let v be c(0). Suppose -6*h + h + 15 = v. Suppose -2*q - h*y = -5*y - 44, -5*y = 3*q - 42. Is q composite?
False
Let j = 1 + -1. Suppose -15 = -5*p - j*p. Suppose 3*w = p*q - 72, q + 3*w - 17 = 3. Is q a composite number?
False
Let p(z) be the third derivat